 33 divide 3432?
True
Is 108 a multiple of 6?
True
Is 10 a factor of 3380?
True
Is 8 a factor of 252?
False
Is 119 a multiple of 17?
True
Does 17 divide 289?
True
Is 7000 a multiple of 143?
False
Is 9328 a multiple of 149?
False
Does 10 divide 2800?
True
Is 3942 a multiple of 54?
True
Is 328 a multiple of 41?
True
Does 125 divide 8125?
True
Is 779 a multiple of 5?
False
Is 12596 a multiple of 94?
True
Is 712 a multiple of 6?
False
Is 14784 a multiple of 154?
True
Is 16 a factor of 970?
False
Is 27186 a multiple of 197?
True
Does 16 divide 636?
False
Is 16 a factor of 31744?
True
Is 43 a factor of 12814?
True
Is 6360 a multiple of 20?
True
Does 23 divide 2047?
True
Is 10 a factor of 330?
True
Is 11197 a multiple of 38?
False
Is 622 a multiple of 12?
False
Is 525 a multiple of 15?
True
Is 17 a factor of 40587?
False
Does 40 divide 1200?
True
Is 407 a multiple of 15?
False
Does 90 divide 360?
True
Does 73 divide 5925?
False
Does 4 divide 4038?
False
Is 1312 a multiple of 41?
True
Is 2 a factor of 11581?
False
Does 136 divide 17408?
True
Is 1957 a multiple of 50?
False
Is 364 a multiple of 91?
True
Does 20 divide 1980?
True
Does 3 divide 433?
False
Is 7216 a multiple of 11?
True
Is 2416 a multiple of 52?
False
Is 90 a factor of 20160?
True
Is 660 a multiple of 11?
True
Does 30 divide 150?
True
Does 2 divide 347?
False
Does 3 divide 97?
False
Does 63 divide 1827?
True
Is 408 a multiple of 6?
True
Is 25 a factor of 5198?
False
Is 26 a factor of 6895?
False
Is 13 a factor of 2652?
True
Is 12 a factor of 8892?
True
Does 136 divide 21832?
False
Is 3 a factor of 102?
True
Does 17 divide 82909?
True
Is 62 a factor of 1178?
True
Is 10394 a multiple of 113?
False
Does 21 divide 976?
False
Is 23 a factor of 4439?
True
Does 69 divide 12765?
True
Is 33 even?
False
Is 21 even?
False
Is 4 a factor of 18608?
True
Does 60 divide 6180?
True
Does 15 divide 2595?
True
Is 209 a factor of 423?
False
Does 68 divide 7381?
False
Does 32 divide 609?
False
Is 21 a factor of 9945?
False
Is 3 a factor of 3999?
True
Is 64 a factor of 6781?
False
Does 24 divide 7057?
False
Is 59 a factor of 3441?
False
Is 29 a factor of 23606?
True
Is 3 a factor of 3502?
False
Is 11940 a multiple of 199?
True
Is 30 a factor of 381?
False
Is 7 a factor of 94?
False
Does 23 divide 1380?
True
Is 23 a factor of 14030?
True
Is 49 a factor of 1297?
False
Is 1469 a multiple of 13?
True
Is 205 a factor of 119515?
True
Is 13 a factor of 342?
False
Is 16151 a multiple of 39?
False
Is 15 a factor of 640?
False
Is 1760 a multiple of 8?
True
Does 20 divide 1060?
True
Is 1404 a multiple of 26?
True
Is 140 a multiple of 20?
True
Is 5 a factor of 35?
True
Does 3 divide 370?
False
Does 38 divide 313?
False
Is 2051 a multiple of 37?
False
Is 3629 a multiple of 82?
False
Does 7 divide 1015?
True
Does 127 divide 2019?
False
Is 89 a multiple of 5?
False
Is 3903 a multiple of 47?
False
Is 44 a factor of 8498?
False
Is 6272 a multiple of 64?
True
Is 142 a factor of 10313?
False
Does 49 divide 7987?
True
Does 33 divide 5841?
True
Does 11 divide 847?
True
Does 49 divide 472?
False
Is 103 a factor of 11227?
True
Does 50 divide 1695?
False
Does 22 divide 3172?
False
Does 49 divide 7938?
True
Is 5 a factor of 205?
True
Is 14 a factor of 5600?
True
Is 11 a factor of 5142?
False
Is 1024 a multiple of 14?
False
Does 30 divide 7080?
True
Does 7 divide 980?
True
Is 7332 a multiple of 39?
True
Is 18 a factor of 7974?
True
Is 58 a multiple of 3?
False
Is 86 a factor of 1548?
True
Is 11 a factor of 76191?
False
Does 88 divide 13288?
True
Does 34 divide 4183?
False
Is 33 a factor of 42003?
False
Is 479 a multiple of 6?
False
Is 48 a factor of 14896?
False
Does 11 divide 2997?
False
Does 80 divide 70480?
True
Is 4 a factor of 3240?
True
Is 16075 a multiple of 44?
False
Does 12 divide 108?
True
Does 65 divide 2993?
False
Is 26 a factor of 23797?
False
Is 19 a factor of 86526?
True
Is 15 a factor of 2949?
False
Is 73396 a multiple of 48?
False
Is 2 a factor of 14955?
False
Does 223 divide 27652?
True
Is 45 a factor of 945?
True
Is 614 a multiple of 30?
False
Does 43 divide 97137?
True
Is 4 a factor of 813?
False
Is 37 a factor of 999?
True
Does 18 divide 2610?
True
Is 47695 a multiple of 29?
False
Is 81 a multiple of 71?
False
Is 103 a multiple of 17?
False
Does 49 divide 54341?
True
Is 25 a factor of 575?
True
Is 15 a factor of 9549?
False
Is 42 a factor of 3418?
False
Is 1846 a multiple of 30?
False
Is 35154 a multiple of 21?
True
Is 30 a factor of 690?
True
Does 11 divide 44?
True
Is 49728 a multiple of 48?
True
Does 37 divide 8150?
False
Is 57996 a multiple of 54?
True
Is 3978 a multiple of 51?
True
Does 76 divide 2148?
False
Does 16 divide 512?
True
Is 7750 a multiple of 29?
False
Is 46 a factor of 1847?
False
Does 6 divide 118?
False
Is 1416 a multiple of 26?
False
Is 399 a factor of 100958?
False
Is 26 a factor of 1274?
True
Does 13 divide 7507?
False
Is 73 a factor of 1111?
False
Is 11 a factor of 2915?
True
Is 1768 a multiple of 136?
True
Is 7 a factor of 2933?
True
Is 9 a factor of 6426?
True
Is 3 a factor of 1749?
True
Is 8 a factor of 131?
False
Is 9521 a multiple of 27?
False
Is 2808 a multiple of 54?
True
Is 1181 a multiple of 24?
False
Is 126 a multiple of 7?
True
Is 327 a multiple of 39?
False
Does 4 divide 76?
True
Does 104 divide 3581?
False
Is 12 a factor of 8752?
False
Does 3 divide 10102?
False
Does 68 divide 5984?
True
Is 982 a multiple of 6?
False
Does 124 divide 7030?
False
Does 68 divide 23642?
False
Does 16 divide 29922?
False
Does 22 divide 24188?
False
Is 17367 a multiple of 105?
False
Does 8 divide 4728?
True
Is 40 a factor of 3220?
False
Is 23 a factor of 511?
False
Is 57 a multiple of 3?
True
Is 7990 a multiple of 24?
False
Is 3 a factor of 8?
False
Does 18 divide 16192?
False
Is 3 a factor of 10769?
False
Is 4 a factor of 8?
True
Is 16 a factor of 569?
False
Does 40 divide 6912?
False
Does 28 divide 4872?
True
Is 616 a multiple of 11?
True
Is 22960 a multiple of 5?
True
Is 8 a factor of 108288?
True
Is 51 a multiple of 7?
False
Is 81 a factor of 9961?
False
Is 1482 a multiple of 26?
True
Is 25 a factor of 2075?
True
Does 93 divide 1126?
False
Does 48 divide 5952?
True
Does 93 divide 27574?
False
Is 3534 a multiple of 46?
False
Is 9 a factor of 865?
False
Is 44 a factor of 352?
True
Is 13 a factor of 330?
False
Does 50 divide 10308?
False
Is 72 a factor of 2164?
False
Does 14 divide 23155?
False
Is 164 a multiple of 4?
True
Is 54500 a multiple of 125?
True
Is 13 a factor of 2106?
True
Does 73 divide 292?
True
Is 5 a factor of 1850?
True
Does 50 divide 23250?
True
Is 16 a factor of 9552?
True
Is 4 a factor of 776?
True
Is 1481 a multiple of 7?
False
Is 18 a factor of 144?
True
Is 107765 a multiple of 10?
False
Is 12 a factor of 1188?
True
Does 108 divide 1944?
True
Is 3 a factor of 3881?
False
Is 27 a factor of 3845?
False
Does 28 divide 1176?
True
Is 45921 a multiple of 358?
False
Does 244 divide 9221?
False
Is 7462 even?
True
Is 187 a factor of 25748?
False
Is 22 a factor of 3113?
False
Does 89 divide 1736?
False
Is 29 a factor of 36163?
True
Is 47 a factor of 1645?
True
Does 12 divide 276?
True
Does 10 divide 3020?
True
Is 335 a multiple of 126?
False
Does 17 divide 2629?
False
Is 27 a factor of 2106?
True
Does 173 divide 48094?
True
Does 8 divide 262?
False
Does 11 divide 2533?
False
Is 56 a factor of 679?
False
Is 17 a factor of 714?
True
Does 44 divide 16852?
True
Does 21 divide 63630?
True
Is 6 a factor of 8899?
False
Does 40 divide 11542?
False
Is 4 a factor of 1282?
False
Is 23 a multiple of 12?
False
Is 28830 a multiple of 31?
True
Is 40 a factor of 19332?
False
Is 12 a factor of 4805?
False
Is 31 a factor of 2883?
True
Does 36 divide 6423?
False
Is 1398 a multiple of 9?
False
Is 22036 a multiple of 7?
True
Is 1323 a multiple of 11?
False
Does 8 divide 9697?
False
Does 23 divide 12558?
True
Is 3202 a multiple of 45?
False
Is 42 a factor of 1878?
False
Does 25 divide 3592?
False
Is 78 a factor of 13728?
True
Is 7 a factor of 4071?
False
Is 77 a multiple of 2?
False
Does 127 divide 6096?
True
Does 66 divide 987?
False
Does 12 divide 41888?
False
Is 2030 a multiple of 70?
True
Is 48080 a multiple of 8?
True
Is 151920 a multiple of 24?
True
Is 2 a factor of 6740?
True
Is 243 a multiple of 3?
